{"id":235,"date":"2019-03-03T16:40:46","date_gmt":"2019-03-03T15:40:46","guid":{"rendered":"https:\/\/ferme-cacheterie.com\/cacheterie\/?post_type=product&#038;p=235"},"modified":"2022-05-26T13:20:41","modified_gmt":"2022-05-26T11:20:41","slug":"laine-noire","status":"publish","type":"product","link":"https:\/\/ferme-cacheterie.com\/cacheterie\/produit\/laine-noire\/","title":{"rendered":"Laine Noire"},"content":{"rendered":"<p>Envie d&rsquo;un pull, d&rsquo;un gilet ou d&rsquo;un poncho, offrez un cadeau original et durable, nous tricotons pour vous ! <a href=\"https:\/\/ferme-cacheterie.com\/cacheterie\/contact\/\">Contactez-nous !<\/a>.<\/p>\n<p>Suite \u00e0 l&rsquo;arr\u00eat de l&rsquo;\u00e9levage de moutons, nous n&rsquo;aurons bient\u00f4t plus de laine, profitez des derniers \u00e9cheveaux.<\/p>\n<p>&nbsp;<\/p>\n","protected":false},"excerpt":{"rendered":"<p><strong>\u00e9cheveau de 100g<\/strong><\/p>\n<ul>\n<li>Aiguille n\u00b07<\/li>\n<li>Couleur : noir<\/li>\n<\/ul>\n<p>le 7\u00e8 \u00e9cheveau est offert.<\/p>\n<p>D&rsquo;autres coloris sont disponibles<\/p>\n","protected":false},"featured_media":237,"template":"","meta":{"_seopress_robots_primary_cat":"none"},"product_cat":[23],"product_tag":[59,60,53,54,50,58,51],"_links":{"self":[{"href":"https:\/\/ferme-cacheterie.com\/cacheterie\/wp-json\/wp\/v2\/product\/235"}],"collection":[{"href":"https:\/\/ferme-cacheterie.com\/cacheterie\/wp-json\/wp\/v2\/product"}],"about":[{"href":"https:\/\/ferme-cacheterie.com\/cacheterie\/wp-json\/wp\/v2\/types\/product"}],"wp:featuredmedia":[{"embeddable":true,"href":"https:\/\/ferme-cacheterie.com\/cacheterie\/wp-json\/wp\/v2\/media\/237"}],"wp:attachment":[{"href":"https:\/\/ferme-cacheterie.com\/cacheterie\/wp-json\/wp\/v2\/media?parent=235"}],"wp:term":[{"taxonomy":"product_cat","embeddable":true,"href":"https:\/\/ferme-cacheterie.com\/cacheterie\/wp-json\/wp\/v2\/product_cat?post=235"},{"taxonomy":"product_tag","embeddable":true,"href":"https:\/\/ferme-cacheterie.com\/cacheterie\/wp-json\/wp\/v2\/product_tag?post=235"}],"curies":[{"name":"wp","href":"https:\/\/api.w.org\/{rel}","templated":true}]}}