{"id":233,"date":"2019-03-03T16:38:37","date_gmt":"2019-03-03T15:38:37","guid":{"rendered":"https:\/\/ferme-cacheterie.com\/cacheterie\/?post_type=product&#038;p=233"},"modified":"2022-05-26T13:21:31","modified_gmt":"2022-05-26T11:21:31","slug":"laine-marron","status":"publish","type":"product","link":"https:\/\/ferme-cacheterie.com\/cacheterie\/produit\/laine-marron\/","title":{"rendered":"Laine marron"},"content":{"rendered":"<p>Nous tricotons pour vous !<\/p>\n<p>N&rsquo;h\u00e9sitez pas \u00e0 <a href=\"https:\/\/ferme-cacheterie.com\/cacheterie\/contact\/\">nous contacter<\/a> pour toute demande de pulls, gilets, ponchos ou b\u00e9rets sur mesure.<\/p>\n<p>Nous avons arr\u00eat\u00e9 l&rsquo;\u00e9levage de moutons, nous n&rsquo;aurons donc plus de laine, profitez des derniers \u00e9cheveaux.<\/p>\n<p>&nbsp;<\/p>\n","protected":false},"excerpt":{"rendered":"<p><strong>\u00e9cheveau de 100g<\/strong><\/p>\n<ul>\n<li>Aiguille n\u00b07<\/li>\n<li>Couleur : marron<\/li>\n<\/ul>\n<p>le 7\u00e8 \u00e9cheveau est offert.<\/p>\n<p>D&rsquo;autres coloris sont disponibles<\/p>\n","protected":false},"featured_media":234,"template":"","meta":{"_seopress_robots_primary_cat":"none"},"product_cat":[23],"product_tag":[59,60,53,54,50,58,51],"_links":{"self":[{"href":"https:\/\/ferme-cacheterie.com\/cacheterie\/wp-json\/wp\/v2\/product\/233"}],"collection":[{"href":"https:\/\/ferme-cacheterie.com\/cacheterie\/wp-json\/wp\/v2\/product"}],"about":[{"href":"https:\/\/ferme-cacheterie.com\/cacheterie\/wp-json\/wp\/v2\/types\/product"}],"wp:featuredmedia":[{"embeddable":true,"href":"https:\/\/ferme-cacheterie.com\/cacheterie\/wp-json\/wp\/v2\/media\/234"}],"wp:attachment":[{"href":"https:\/\/ferme-cacheterie.com\/cacheterie\/wp-json\/wp\/v2\/media?parent=233"}],"wp:term":[{"taxonomy":"product_cat","embeddable":true,"href":"https:\/\/ferme-cacheterie.com\/cacheterie\/wp-json\/wp\/v2\/product_cat?post=233"},{"taxonomy":"product_tag","embeddable":true,"href":"https:\/\/ferme-cacheterie.com\/cacheterie\/wp-json\/wp\/v2\/product_tag?post=233"}],"curies":[{"name":"wp","href":"https:\/\/api.w.org\/{rel}","templated":true}]}}