{"id":5,"date":"2018-11-19T15:13:47","date_gmt":"2018-11-19T14:13:47","guid":{"rendered":"http:\/\/ferme-cacheterie.com\/cacheterie\/?page_id=5"},"modified":"2026-02-16T16:47:05","modified_gmt":"2026-02-16T15:47:05","slug":"les-chambres-dhotes-a-la-ferme","status":"publish","type":"page","link":"https:\/\/ferme-cacheterie.com\/cacheterie\/les-chambres-dhotes-a-la-ferme\/","title":{"rendered":"Les chambres d&rsquo;h\u00f4tes \u00e0 la ferme"},"content":{"rendered":"<div class=\"wp-block-image\">\n<figure class=\"alignright size-large is-resized\"><img decoding=\"async\" loading=\"lazy\" src=\"https:\/\/ferme-cacheterie.com\/cacheterie\/wp-content\/uploads\/2021\/02\/CH-LAINE-1024x683.jpg\" alt=\"Chambres d'hotes \u00e0 la ferme de la cacheterie\" class=\"wp-image-981\" width=\"512\" height=\"342\" srcset=\"https:\/\/ferme-cacheterie.com\/cacheterie\/wp-content\/uploads\/2021\/02\/CH-LAINE-1024x683.jpg 1024w, https:\/\/ferme-cacheterie.com\/cacheterie\/wp-content\/uploads\/2021\/02\/CH-LAINE-300x200.jpg 300w, https:\/\/ferme-cacheterie.com\/cacheterie\/wp-content\/uploads\/2021\/02\/CH-LAINE-768x512.jpg 768w, https:\/\/ferme-cacheterie.com\/cacheterie\/wp-content\/uploads\/2021\/02\/CH-LAINE-600x400.jpg 600w, https:\/\/ferme-cacheterie.com\/cacheterie\/wp-content\/uploads\/2021\/02\/CH-LAINE-90x60.jpg 90w, https:\/\/ferme-cacheterie.com\/cacheterie\/wp-content\/uploads\/2021\/02\/CH-LAINE-135x90.jpg 135w, https:\/\/ferme-cacheterie.com\/cacheterie\/wp-content\/uploads\/2021\/02\/CH-LAINE.jpg 1200w\" sizes=\"(max-width: 512px) 100vw, 512px\" \/><\/figure><\/div>\n\n<div class=\"wp-block-image\">\n<figure class=\"alignright is-resized\"><img decoding=\"async\" loading=\"lazy\" src=\"https:\/\/ferme-cacheterie.com\/cacheterie\/wp-content\/uploads\/2022\/07\/gites-de-france-150x150.jpg\" alt=\"label gites de france\" class=\"wp-image-1209\" width=\"75\" height=\"75\" srcset=\"https:\/\/ferme-cacheterie.com\/cacheterie\/wp-content\/uploads\/2022\/07\/gites-de-france-150x150.jpg 150w, https:\/\/ferme-cacheterie.com\/cacheterie\/wp-content\/uploads\/2022\/07\/gites-de-france-100x100.jpg 100w, https:\/\/ferme-cacheterie.com\/cacheterie\/wp-content\/uploads\/2022\/07\/gites-de-france.jpg 168w\" sizes=\"(max-width: 75px) 100vw, 75px\" \/><\/figure><\/div>\n\n\n<p>Nos<strong>&nbsp;5 chambres d&rsquo;h\u00f4tes&nbsp;labellis\u00e9es&nbsp;3 \u00e9pis par G\u00eetes de France :<\/strong><\/p>\n\n\n\n<p><strong>Laine n\u00b01<\/strong> &#8211; chambre triple<\/p>\n\n\n\n<p><strong>R\u00e9tro n\u00b02 <\/strong>&#8211; chambre triple<\/p>\n\n\n\n<p><strong>Lin n\u00b03 <\/strong>&#8211; chambre triple<\/p>\n\n\n\n<p><strong>Bois n\u00b04 <\/strong>&#8211; chambre double<\/p>\n\n\n\n<p><strong>l&rsquo;Atelier n\u00b05 <\/strong>&#8211; chambre triple au rez de chauss\u00e9e<\/p>\n\n\n\n<p>Situ\u00e9 pr\u00e8s de <strong>Lyons la For\u00eat<\/strong>, de <strong>Rouen<\/strong> et des Andelys, votre s\u00e9jour normand dans les <strong>chambres d&rsquo;h\u00f4tes \u00e0 la ferme<\/strong> de la Cacheterie, vous permettra de d\u00e9couvrir les paysages et l&rsquo;architecture de <strong>Normandie.<\/strong><\/p>\n\n\n\n<p class=\"has-text-align-center\"><strong><a href=\"https:\/\/ferme-cacheterie.com\/cacheterie\/photos-des-chambres-dhotes\/\">&gt;&gt; Voir les photos des chambres d&rsquo;h\u00f4tes \u00e0 la ferme de la Cacheterie<\/a><\/strong><\/p>\n\n\n\n<p><strong>D\u00e9cor\u00e9es avec go\u00fbt<\/strong> en utilisant des mati\u00e8res naturelles (bois, laine, lin), la plupart sont \u00e9quip\u00e9es de <strong>literie en laine<\/strong>, d&rsquo;une&nbsp;<strong>douche et de WC individuels<\/strong>.<\/p>\n\n\n\n<p>Elles sont <strong>climatis\u00e9es<\/strong> et une connexion wifi est disponible depuis chaque chambre.<\/p>\n\n\n\n<p>Un micro-ondes est mis \u00e0 disposition dans chaque chambre.<\/p>\n\n\n\n<p><\/p>\n\n\n\n<ul>\n<li>Les&nbsp;<strong>petit-d\u00e9jeuners, si vous les prenez (10 \u20ac\/ personne), <\/strong>sont servis dans la <strong>salle de s\u00e9jour attenante aux chambres <\/strong>.<\/li>\n\n\n\n<li><strong>Des produits fermiers et des boissons sont en vente sur plac<\/strong><strong>e<\/strong> au distributeur pour vous restaurer en utilisant la cuisine \u00e0 votre disposition . <strong><br><\/strong><\/li>\n<\/ul>\n\n\n\n<figure class=\"wp-block-table\"><table><tbody><tr><td> <h3><strong>R\u00e9servez votre chambre d\u2019h\u00f4tes !<\/strong><\/h3> <p><strong>En appelant Nathalie au 06 75 35 37 17 (appel ou SMS)<br><\/strong><\/p> <p><strong><br>par mail&nbsp;<a rel=\"noopener noreferrer\" href=\"mailto:contact@ferme-cacheterie.com\" target=\"_blank\">contact@ferme-cacheterie.com<\/a><\/strong><\/p> <p><a title=\"Demande de r\u00e9servation\" href=\"https:\/\/ferme-cacheterie.com\/cacheterie\/reservation-en-ligne\/\">ou par le formulaire de r\u00e9servation en ligne<\/a><\/p> <\/td><\/tr><\/tbody><\/table><\/figure>\n\n\n\n<h2>Les chambres 1 \u00e0 3 ( Laine, R\u00e9tro, Lin ) pour 2 \u00e0 3 personnes<\/h2>\n\n\n\n<p><strong>Tarifs 2026 pour les chambres 1 \u00e0 3, hors petit d\u00e9jeuner\u00a0 :<\/strong><\/p>\n\n\n\n<ul>\n<li>58 \u20ac pour 2 personnes<\/li>\n\n\n\n<li>66.00 \u20ac pour 3 personnes<\/li>\n<\/ul>\n\n\n\n<p>Taxe de s\u00e9jour en + 0,80 \u20ac\/adulte\/jour<\/p>\n\n\n\n<h2>La chambre 4 ( Bois) pour 2 personnes<\/h2>\n\n\n\n<ul>\n<li>55.50 \u20ac hors petits-d\u00e9jeuners<\/li>\n<\/ul>\n\n\n\n<p>Quelques photos de nos chambres<\/p>\n\n\n\n<figure class=\"is-layout-flex wp-block-gallery-1 wp-block-gallery has-nested-images columns-default is-cropped\">\n<figure class=\"wp-block-image size-large\"><img decoding=\"async\" loading=\"lazy\" width=\"1024\" height=\"683\" data-id=\"982\"  src=\"https:\/\/ferme-cacheterie.com\/cacheterie\/wp-content\/uploads\/2021\/02\/CH-LIN-2-1024x683.jpg\" alt=\"R\u00e9servez en ligne votre chambre d'hote \u00e0 la ferme\" class=\"wp-image-982\" srcset=\"https:\/\/ferme-cacheterie.com\/cacheterie\/wp-content\/uploads\/2021\/02\/CH-LIN-2-1024x683.jpg 1024w, https:\/\/ferme-cacheterie.com\/cacheterie\/wp-content\/uploads\/2021\/02\/CH-LIN-2-300x200.jpg 300w, https:\/\/ferme-cacheterie.com\/cacheterie\/wp-content\/uploads\/2021\/02\/CH-LIN-2-768x512.jpg 768w, https:\/\/ferme-cacheterie.com\/cacheterie\/wp-content\/uploads\/2021\/02\/CH-LIN-2-600x400.jpg 600w, https:\/\/ferme-cacheterie.com\/cacheterie\/wp-content\/uploads\/2021\/02\/CH-LIN-2-90x60.jpg 90w, https:\/\/ferme-cacheterie.com\/cacheterie\/wp-content\/uploads\/2021\/02\/CH-LIN-2-135x90.jpg 135w, https:\/\/ferme-cacheterie.com\/cacheterie\/wp-content\/uploads\/2021\/02\/CH-LIN-2.jpg 1200w\" sizes=\"(max-width: 1024px) 100vw, 1024px\" \/><\/figure>\n\n\n\n<figure class=\"wp-block-image size-large\"><img decoding=\"async\" loading=\"lazy\" width=\"1024\" height=\"683\" data-id=\"989\"  src=\"https:\/\/ferme-cacheterie.com\/cacheterie\/wp-content\/uploads\/2021\/02\/IMG_2582-1024x683.jpg\" alt=\"Chambres d'hotes disponibles pendant la Covid\" class=\"wp-image-989\" srcset=\"https:\/\/ferme-cacheterie.com\/cacheterie\/wp-content\/uploads\/2021\/02\/IMG_2582-1024x683.jpg 1024w, https:\/\/ferme-cacheterie.com\/cacheterie\/wp-content\/uploads\/2021\/02\/IMG_2582-300x200.jpg 300w, https:\/\/ferme-cacheterie.com\/cacheterie\/wp-content\/uploads\/2021\/02\/IMG_2582-768x512.jpg 768w, https:\/\/ferme-cacheterie.com\/cacheterie\/wp-content\/uploads\/2021\/02\/IMG_2582-600x400.jpg 600w, https:\/\/ferme-cacheterie.com\/cacheterie\/wp-content\/uploads\/2021\/02\/IMG_2582-90x60.jpg 90w, https:\/\/ferme-cacheterie.com\/cacheterie\/wp-content\/uploads\/2021\/02\/IMG_2582-135x90.jpg 135w, https:\/\/ferme-cacheterie.com\/cacheterie\/wp-content\/uploads\/2021\/02\/IMG_2582.jpg 1199w\" sizes=\"(max-width: 1024px) 100vw, 1024px\" \/><\/figure>\n\n\n\n<figure class=\"wp-block-image size-large\"><img decoding=\"async\" loading=\"lazy\" width=\"1024\" height=\"768\" data-id=\"485\"  src=\"https:\/\/ferme-cacheterie.com\/cacheterie\/wp-content\/uploads\/2019\/04\/retro03_pt-1024x768.jpg\" alt=\"chamnbres d'hotes \u00e0 la ferme de la cacheterie lyons la foret\" class=\"wp-image-485\" srcset=\"https:\/\/ferme-cacheterie.com\/cacheterie\/wp-content\/uploads\/2019\/04\/retro03_pt-1024x768.jpg 1024w, https:\/\/ferme-cacheterie.com\/cacheterie\/wp-content\/uploads\/2019\/04\/retro03_pt-300x225.jpg 300w, https:\/\/ferme-cacheterie.com\/cacheterie\/wp-content\/uploads\/2019\/04\/retro03_pt-768x576.jpg 768w, https:\/\/ferme-cacheterie.com\/cacheterie\/wp-content\/uploads\/2019\/04\/retro03_pt-600x450.jpg 600w, https:\/\/ferme-cacheterie.com\/cacheterie\/wp-content\/uploads\/2019\/04\/retro03_pt.jpg 1600w\" sizes=\"(max-width: 1024px) 100vw, 1024px\" \/><\/figure>\n\n\n\n<figure class=\"wp-block-image size-large\"><img decoding=\"async\" loading=\"lazy\" width=\"1024\" height=\"683\" data-id=\"980\"  src=\"https:\/\/ferme-cacheterie.com\/cacheterie\/wp-content\/uploads\/2021\/02\/CH-LAINE-2-1024x683.jpg\" alt=\"chambre d'hotes confortable \u00e0 la ferme de la cacheterie fleury la foret\" class=\"wp-image-980\" srcset=\"https:\/\/ferme-cacheterie.com\/cacheterie\/wp-content\/uploads\/2021\/02\/CH-LAINE-2-1024x683.jpg 1024w, https:\/\/ferme-cacheterie.com\/cacheterie\/wp-content\/uploads\/2021\/02\/CH-LAINE-2-300x200.jpg 300w, https:\/\/ferme-cacheterie.com\/cacheterie\/wp-content\/uploads\/2021\/02\/CH-LAINE-2-768x512.jpg 768w, https:\/\/ferme-cacheterie.com\/cacheterie\/wp-content\/uploads\/2021\/02\/CH-LAINE-2-600x400.jpg 600w, https:\/\/ferme-cacheterie.com\/cacheterie\/wp-content\/uploads\/2021\/02\/CH-LAINE-2-90x60.jpg 90w, https:\/\/ferme-cacheterie.com\/cacheterie\/wp-content\/uploads\/2021\/02\/CH-LAINE-2-135x90.jpg 135w, https:\/\/ferme-cacheterie.com\/cacheterie\/wp-content\/uploads\/2021\/02\/CH-LAINE-2.jpg 1200w\" sizes=\"(max-width: 1024px) 100vw, 1024px\" \/><\/figure>\n<\/figure>\n\n\n\n<h2>La chambre 5 pour 3 personnes accessible de plain pied<\/h2>\n\n\n\n<p>Notre chambre n\u00b05,<strong>\u00a0l&rsquo;Atelier,<\/strong>\u00a0est\u00a0<strong>accessible aussi aux personnes \u00e0 mobilit\u00e9 r\u00e9duite<\/strong>.<br>C&rsquo;est une grande chambre Triple situ\u00e9e au rez-de-chauss\u00e9e et au calme, \u00e9quip\u00e9e d&rsquo;une t\u00e9l\u00e9vision, d&rsquo;un r\u00e9frig\u00e9rateur, micro-ondes, bouilloire et cafeti\u00e8re.<\/p>\n\n\n\n<p class=\"has-text-align-center\"><strong><a href=\"https:\/\/ferme-cacheterie.com\/cacheterie\/latelier-chambre-n5\/\">&gt;&gt; Cliquez ici pour voir des photos de la chambre n\u00b05<\/a><\/strong><\/p>\n\n\n\n<p><strong>Tarifs 2026 pour la chambre 5 avec acc\u00e8s pour personne handicap\u00e9e, hors petits d\u00e9jeuners :<\/strong><\/p>\n\n\n\n<ul>\n<li>62.50 \u20ac pour 2 personnes<\/li>\n\n\n\n<li>69 \u20ac pour 3 personnes<\/li>\n<\/ul>\n\n\n\n<p>Taxe de s\u00e9jour en + 0,80 \u20ac\/adulte\/jour<\/p>\n\n\n<div class=\"wp-block-image\">\n<figure class=\"alignright size-large is-resized\"><img decoding=\"async\" loading=\"lazy\" src=\"https:\/\/ferme-cacheterie.com\/cacheterie\/wp-content\/uploads\/2021\/02\/jardin_chambres-1024x768.jpg\" alt=\"Jardin des chambres d'h\u00f4tes \u00e0 la ferme de la Cacheterie\" class=\"wp-image-996\" width=\"512\" height=\"384\" srcset=\"https:\/\/ferme-cacheterie.com\/cacheterie\/wp-content\/uploads\/2021\/02\/jardin_chambres-1024x768.jpg 1024w, https:\/\/ferme-cacheterie.com\/cacheterie\/wp-content\/uploads\/2021\/02\/jardin_chambres-300x225.jpg 300w, https:\/\/ferme-cacheterie.com\/cacheterie\/wp-content\/uploads\/2021\/02\/jardin_chambres-768x576.jpg 768w, https:\/\/ferme-cacheterie.com\/cacheterie\/wp-content\/uploads\/2021\/02\/jardin_chambres-600x450.jpg 600w, https:\/\/ferme-cacheterie.com\/cacheterie\/wp-content\/uploads\/2021\/02\/jardin_chambres.jpg 1200w\" sizes=\"(max-width: 512px) 100vw, 512px\" \/><\/figure><\/div>\n\n\n<h3>Le jardin<\/h3>\n\n\n\n<p>Un grand jardin est disponible pr\u00e8s des chambres pour vous d\u00e9tendre. Des balan\u00e7oires sont \u00e0 la disposition de nos h\u00f4tes. Les enfants y ont acc\u00e8s sous la surveillance de leurs parents.<\/p>\n\n\n\n<h3>La salle de s\u00e9jour<\/h3>\n\n\n\n<p>Une salle de s\u00e9jour, situ\u00e9e au rez-de-chauss\u00e9e des chambres d&rsquo;h\u00f4tes, est \u00e0 votre disposition. Vous pourrez l&rsquo;utiliser pour vos d\u00eeners, d\u00e9jeuners ou pour vous d\u00e9tendre. Un espace cuisine vous permet de pr\u00e9parer vos repas.<\/p>\n\n\n\n<p>Une connexion wifi est \u00e9galement disponible. <\/p>\n\n\n\n<figure class=\"is-layout-flex wp-block-gallery-3 wp-block-gallery has-nested-images columns-default is-cropped\">\n<figure class=\"wp-block-image size-large\"><img decoding=\"async\" loading=\"lazy\" width=\"1024\" height=\"1024\" data-id=\"1258\"  src=\"https:\/\/ferme-cacheterie.com\/cacheterie\/wp-content\/uploads\/2023\/03\/sejour2023-03web-1024x1024.jpg\" alt=\"\" class=\"wp-image-1258\" srcset=\"https:\/\/ferme-cacheterie.com\/cacheterie\/wp-content\/uploads\/2023\/03\/sejour2023-03web-1024x1024.jpg 1024w, https:\/\/ferme-cacheterie.com\/cacheterie\/wp-content\/uploads\/2023\/03\/sejour2023-03web-300x300.jpg 300w, https:\/\/ferme-cacheterie.com\/cacheterie\/wp-content\/uploads\/2023\/03\/sejour2023-03web-150x150.jpg 150w, https:\/\/ferme-cacheterie.com\/cacheterie\/wp-content\/uploads\/2023\/03\/sejour2023-03web-768x768.jpg 768w, https:\/\/ferme-cacheterie.com\/cacheterie\/wp-content\/uploads\/2023\/03\/sejour2023-03web-510x510.jpg 510w, https:\/\/ferme-cacheterie.com\/cacheterie\/wp-content\/uploads\/2023\/03\/sejour2023-03web-600x600.jpg 600w, https:\/\/ferme-cacheterie.com\/cacheterie\/wp-content\/uploads\/2023\/03\/sejour2023-03web-100x100.jpg 100w, https:\/\/ferme-cacheterie.com\/cacheterie\/wp-content\/uploads\/2023\/03\/sejour2023-03web.jpg 1088w\" sizes=\"(max-width: 1024px) 100vw, 1024px\" \/><\/figure>\n\n\n\n<figure class=\"wp-block-image size-large\"><img decoding=\"async\" loading=\"lazy\" width=\"1024\" height=\"1024\" data-id=\"1256\"  src=\"https:\/\/ferme-cacheterie.com\/cacheterie\/wp-content\/uploads\/2023\/03\/sejour2023-02web-1024x1024.jpg\" alt=\"salle de s\u00e9jour chambres d'hotes \u00e0 la ferme de la cacheterie\" class=\"wp-image-1256\" srcset=\"https:\/\/ferme-cacheterie.com\/cacheterie\/wp-content\/uploads\/2023\/03\/sejour2023-02web-1024x1024.jpg 1024w, https:\/\/ferme-cacheterie.com\/cacheterie\/wp-content\/uploads\/2023\/03\/sejour2023-02web-300x300.jpg 300w, https:\/\/ferme-cacheterie.com\/cacheterie\/wp-content\/uploads\/2023\/03\/sejour2023-02web-150x150.jpg 150w, https:\/\/ferme-cacheterie.com\/cacheterie\/wp-content\/uploads\/2023\/03\/sejour2023-02web-768x768.jpg 768w, https:\/\/ferme-cacheterie.com\/cacheterie\/wp-content\/uploads\/2023\/03\/sejour2023-02web-510x510.jpg 510w, https:\/\/ferme-cacheterie.com\/cacheterie\/wp-content\/uploads\/2023\/03\/sejour2023-02web-600x600.jpg 600w, https:\/\/ferme-cacheterie.com\/cacheterie\/wp-content\/uploads\/2023\/03\/sejour2023-02web-100x100.jpg 100w, https:\/\/ferme-cacheterie.com\/cacheterie\/wp-content\/uploads\/2023\/03\/sejour2023-02web.jpg 1088w\" sizes=\"(max-width: 1024px) 100vw, 1024px\" \/><\/figure>\n\n\n\n<figure class=\"wp-block-image size-large\"><img decoding=\"async\" loading=\"lazy\" width=\"1024\" height=\"1024\" data-id=\"1260\"  src=\"https:\/\/ferme-cacheterie.com\/cacheterie\/wp-content\/uploads\/2023\/03\/sejour2023-01web-1024x1024.jpg\" alt=\"sejour cuisine ferme de la cacheterie fleury la foret\" class=\"wp-image-1260\" srcset=\"https:\/\/ferme-cacheterie.com\/cacheterie\/wp-content\/uploads\/2023\/03\/sejour2023-01web-1024x1024.jpg 1024w, https:\/\/ferme-cacheterie.com\/cacheterie\/wp-content\/uploads\/2023\/03\/sejour2023-01web-300x300.jpg 300w, https:\/\/ferme-cacheterie.com\/cacheterie\/wp-content\/uploads\/2023\/03\/sejour2023-01web-150x150.jpg 150w, https:\/\/ferme-cacheterie.com\/cacheterie\/wp-content\/uploads\/2023\/03\/sejour2023-01web-768x768.jpg 768w, https:\/\/ferme-cacheterie.com\/cacheterie\/wp-content\/uploads\/2023\/03\/sejour2023-01web-510x510.jpg 510w, https:\/\/ferme-cacheterie.com\/cacheterie\/wp-content\/uploads\/2023\/03\/sejour2023-01web-600x600.jpg 600w, https:\/\/ferme-cacheterie.com\/cacheterie\/wp-content\/uploads\/2023\/03\/sejour2023-01web-100x100.jpg 100w, https:\/\/ferme-cacheterie.com\/cacheterie\/wp-content\/uploads\/2023\/03\/sejour2023-01web.jpg 1088w\" sizes=\"(max-width: 1024px) 100vw, 1024px\" \/><\/figure>\n<\/figure>\n\n\n\n<h3>Cuisine \u00e9quip\u00e9e<\/h3>\n\n\n<div class=\"wp-block-image\">\n<figure class=\"alignright size-full\"><img decoding=\"async\" loading=\"lazy\" width=\"200\" height=\"134\" src=\"https:\/\/ferme-cacheterie.com\/cacheterie\/wp-content\/uploads\/2023\/03\/oeufs_02.jpg\" alt=\"oeufs frais plein air ferme de la cacheterie\" class=\"wp-image-1262\"\/><\/figure><\/div>\n\n\n<p>Une cuisine \u00e9quip\u00e9e d&rsquo;un four, de plaques de cuisson, d&rsquo;un micro-ondes, d&rsquo;un r\u00e9frig\u00e9rateur et d&rsquo;un lave vaisselle est \u00e0 votre disposition pour pr\u00e9parer vos repas. Possibilit\u00e9 d&rsquo;acheter des produits et boissons sur place selon les saisons.<\/p>\n\n\n\n<p><\/p>\n\n\n\n<h3>Randonneurs et VTTistes<\/h3>\n\n\n\n<p>Les randonneurs \u00e0 pied, \u00e0 cheval, en v\u00e9lo,en moto&#8230; sont accueillis avec plaisir. N&rsquo;h\u00e9sitez pas \u00e0 solliciter les conseils de Christian sur les circuits et les sites \u00e0 voir . Il connait tr\u00e8s bien sa r\u00e9gion et peut vous conseiller des itin\u00e9raires en fonction de vos souhaits.<\/p>\n\n\n\n<p><\/p>\n","protected":false},"excerpt":{"rendered":"<p>Nos&nbsp;5 chambres d&rsquo;h\u00f4tes&nbsp;labellis\u00e9es&nbsp;3 \u00e9pis par G\u00eetes de France : Laine n\u00b01 &#8211; chambre triple R\u00e9tro n\u00b02 &#8211; chambre triple Lin n\u00b03 &#8211; chambre triple Bois n\u00b04 &#8211; chambre double l&rsquo;Atelier n\u00b05 &#8211; chambre triple au rez de chauss\u00e9e Situ\u00e9 pr\u00e8s de Lyons la For\u00eat, de Rouen et des Andelys, votre s\u00e9jour normand dans les chambres [&hellip;]<\/p>\n","protected":false},"author":1,"featured_media":687,"parent":0,"menu_order":0,"comment_status":"closed","ping_status":"closed","template":"","meta":{"_seopress_robots_primary_cat":""},"_links":{"self":[{"href":"https:\/\/ferme-cacheterie.com\/cacheterie\/wp-json\/wp\/v2\/pages\/5"}],"collection":[{"href":"https:\/\/ferme-cacheterie.com\/cacheterie\/wp-json\/wp\/v2\/pages"}],"about":[{"href":"https:\/\/ferme-cacheterie.com\/cacheterie\/wp-json\/wp\/v2\/types\/page"}],"author":[{"embeddable":true,"href":"https:\/\/ferme-cacheterie.com\/cacheterie\/wp-json\/wp\/v2\/users\/1"}],"replies":[{"embeddable":true,"href":"https:\/\/ferme-cacheterie.com\/cacheterie\/wp-json\/wp\/v2\/comments?post=5"}],"version-history":[{"count":41,"href":"https:\/\/ferme-cacheterie.com\/cacheterie\/wp-json\/wp\/v2\/pages\/5\/revisions"}],"predecessor-version":[{"id":1324,"href":"https:\/\/ferme-cacheterie.com\/cacheterie\/wp-json\/wp\/v2\/pages\/5\/revisions\/1324"}],"wp:featuredmedia":[{"embeddable":true,"href":"https:\/\/ferme-cacheterie.com\/cacheterie\/wp-json\/wp\/v2\/media\/687"}],"wp:attachment":[{"href":"https:\/\/ferme-cacheterie.com\/cacheterie\/wp-json\/wp\/v2\/media?parent=5"}],"curies":[{"name":"wp","href":"https:\/\/api.w.org\/{rel}","templated":true}]}}