{"id":29,"date":"2018-11-19T15:26:17","date_gmt":"2018-11-19T14:26:17","guid":{"rendered":"http:\/\/ferme-cacheterie.com\/cacheterie\/?page_id=29"},"modified":"2026-02-16T16:52:13","modified_gmt":"2026-02-16T15:52:13","slug":"les-produits-fermiers","status":"publish","type":"page","link":"https:\/\/ferme-cacheterie.com\/cacheterie\/les-produits-fermiers\/","title":{"rendered":"Les produits fermiers"},"content":{"rendered":"<figure id=\"attachment_412\" aria-describedby=\"caption-attachment-412\" style=\"width: 225px\" class=\"wp-caption alignright\"><img decoding=\"async\" loading=\"lazy\" class=\"size-medium wp-image-412\" src=\"https:\/\/ferme-cacheterie.com\/cacheterie\/wp-content\/uploads\/2019\/02\/asperges_pointes-225x300.jpg\" alt=\"\" width=\"225\" height=\"300\" srcset=\"https:\/\/ferme-cacheterie.com\/cacheterie\/wp-content\/uploads\/2019\/02\/asperges_pointes-225x300.jpg 225w, https:\/\/ferme-cacheterie.com\/cacheterie\/wp-content\/uploads\/2019\/02\/asperges_pointes-768x1024.jpg 768w, https:\/\/ferme-cacheterie.com\/cacheterie\/wp-content\/uploads\/2019\/02\/asperges_pointes-600x800.jpg 600w, https:\/\/ferme-cacheterie.com\/cacheterie\/wp-content\/uploads\/2019\/02\/asperges_pointes.jpg 1448w\" sizes=\"(max-width: 225px) 100vw, 225px\" \/><figcaption id=\"caption-attachment-412\" class=\"wp-caption-text\">Les pointes d&rsquo;asperges<\/figcaption><\/figure>\n<h2>Disponibles \u00e0 la ferme au distributeur r\u00e9frig\u00e9r\u00e9 \u00e0 l&rsquo;entr\u00e9e de la ferme.<\/h2>\n<ul>\n<li><strong><a href=\"https:\/\/ferme-cacheterie.com\/cacheterie\/categorie-produit\/asperges\/\">L&rsquo;asperge en saison<\/a><\/strong><\/li>\n<li><strong><a href=\"https:\/\/ferme-cacheterie.com\/cacheterie\/les-oeufs\/\">\u0152ufs<\/a> toute l&rsquo;ann\u00e9e<\/strong><\/li>\n<li>Les l\u00e9gumes de saison<\/li>\n<\/ul>\n<p><strong>D&rsquo;autres produits venant de fermes locales vous sont \u00e9galement propos\u00e9s : miels, l\u00e9gumes au printemps, jus de pommes et rhubarbe &#8230;\u00a0<\/strong><\/p>\n<h2>Vente \u00e0 la ferme :<\/h2>\n<ul>\n<li><strong>Tous les jours<\/strong> au distributeur \u00e0 l&rsquo;entr\u00e9e de la ferme<\/li>\n<\/ul>\n<h6><\/h6>\n<h1 style=\"text-align: center;\">Distributeur r\u00e9frig\u00e9r\u00e9 de produits fermiers ouvert<\/h1>\n<h1 style=\"text-align: center;\">\u00a0\u00a0\u00a0\u00a0\u00a0\u00a0\u00a0\u00a0\u00a0 7j\/7 et 24h\/24<\/h1>\n","protected":false},"excerpt":{"rendered":"<p>Disponibles \u00e0 la ferme au distributeur r\u00e9frig\u00e9r\u00e9 \u00e0 l&rsquo;entr\u00e9e de la ferme. L&rsquo;asperge en saison \u0152ufs toute l&rsquo;ann\u00e9e Les l\u00e9gumes de saison D&rsquo;autres produits venant de fermes locales vous sont \u00e9galement propos\u00e9s : miels, l\u00e9gumes au printemps, jus de pommes et rhubarbe &#8230;\u00a0 Vente \u00e0 la ferme : Tous les jours au distributeur \u00e0 l&rsquo;entr\u00e9e [&hellip;]<\/p>\n","protected":false},"author":1,"featured_media":1086,"parent":0,"menu_order":0,"comment_status":"closed","ping_status":"closed","template":"","meta":{"_seopress_robots_primary_cat":""},"_links":{"self":[{"href":"https:\/\/ferme-cacheterie.com\/cacheterie\/wp-json\/wp\/v2\/pages\/29"}],"collection":[{"href":"https:\/\/ferme-cacheterie.com\/cacheterie\/wp-json\/wp\/v2\/pages"}],"about":[{"href":"https:\/\/ferme-cacheterie.com\/cacheterie\/wp-json\/wp\/v2\/types\/page"}],"author":[{"embeddable":true,"href":"https:\/\/ferme-cacheterie.com\/cacheterie\/wp-json\/wp\/v2\/users\/1"}],"replies":[{"embeddable":true,"href":"https:\/\/ferme-cacheterie.com\/cacheterie\/wp-json\/wp\/v2\/comments?post=29"}],"version-history":[{"count":21,"href":"https:\/\/ferme-cacheterie.com\/cacheterie\/wp-json\/wp\/v2\/pages\/29\/revisions"}],"predecessor-version":[{"id":1326,"href":"https:\/\/ferme-cacheterie.com\/cacheterie\/wp-json\/wp\/v2\/pages\/29\/revisions\/1326"}],"wp:featuredmedia":[{"embeddable":true,"href":"https:\/\/ferme-cacheterie.com\/cacheterie\/wp-json\/wp\/v2\/media\/1086"}],"wp:attachment":[{"href":"https:\/\/ferme-cacheterie.com\/cacheterie\/wp-json\/wp\/v2\/media?parent=29"}],"curies":[{"name":"wp","href":"https:\/\/api.w.org\/{rel}","templated":true}]}}

<figure id="attachment_412" aria-describedby="caption-attachment-412" style="width: 225px" class="wp-caption alignright"><img decoding="async" loading="lazy" class="size-medium wp-image-412" src="https://ferme-cacheterie.com/cacheterie/wp-content/uploads/2019/02/asperges_pointes-225x300.jpg" alt="" width="225" height="300" srcset="https://ferme-cacheterie.com/cacheterie/wp-content/uploads/2019/02/asperges_pointes-225x300.jpg 225w, https://ferme-cacheterie.com/cacheterie/wp-content/uploads/2019/02/asperges_pointes-768x1024.jpg 768w, https://ferme-cacheterie.com/cacheterie/wp-content/uploads/2019/02/asperges_pointes-600x800.jpg 600w, https://ferme-cacheterie.com/cacheterie/wp-content/uploads/2019/02/asperges_pointes.jpg 1448w" sizes="(max-width: 225px) 100vw, 225px" /><figcaption id="caption-attachment-412" class="wp-caption-text">Les pointes d&rsquo;asperges</figcaption></figure>
<h2>Disponibles à la ferme au distributeur réfrigéré à l&rsquo;entrée de la ferme.</h2>
<ul>
<li><strong><a href="https://ferme-cacheterie.com/cacheterie/categorie-produit/asperges/">L&rsquo;asperge en saison</a></strong></li>
<li><strong><a href="https://ferme-cacheterie.com/cacheterie/les-oeufs/">Œufs</a> toute l&rsquo;année</strong></li>
<li>Les légumes de saison</li>
</ul>
<p><strong>D&rsquo;autres produits venant de fermes locales vous sont également proposés : miels, légumes au printemps, jus de pommes et rhubarbe &#8230; </strong></p>
<h2>Vente à la ferme :</h2>
<ul>
<li><strong>Tous les jours</strong> au distributeur à l&rsquo;entrée de la ferme</li>
</ul>
<h6></h6>
<h1 style="text-align: center;">Distributeur réfrigéré de produits fermiers ouvert</h1>
<h1 style="text-align: center;">          7j/7 et 24h/24</h1>

<p>Disponibles à la ferme au distributeur réfrigéré à l&rsquo;entrée de la ferme. L&rsquo;asperge en saison Œufs toute l&rsquo;année Les légumes de saison D&rsquo;autres produits venant de fermes locales vous sont également proposés : miels, légumes au printemps, jus de pommes et rhubarbe &#8230;  Vente à la ferme : Tous les jours au distributeur à l&rsquo;entrée [&hellip;]</p>
