{"id":11,"date":"2018-11-19T15:15:41","date_gmt":"2018-11-19T14:15:41","guid":{"rendered":"http:\/\/ferme-cacheterie.com\/cacheterie\/?page_id=11"},"modified":"2021-09-26T21:53:15","modified_gmt":"2021-09-26T19:53:15","slug":"la-chenevotte-paillette-de-chanvre","status":"publish","type":"page","link":"https:\/\/ferme-cacheterie.com\/cacheterie\/la-chenevotte-paillette-de-chanvre\/","title":{"rendered":"La ch\u00e8nevotte : paillette de chanvre"},"content":{"rendered":"<figure style=\"width: 211px\" class=\"wp-caption alignright\"><img decoding=\"async\" loading=\"lazy\" title=\"Culture de chanvre\" src=\"http:\/\/ferme-cacheterie.com\/uploads\/images\/chanvre\/culture_chanvre.jpg\" alt=\"Culture de chanvre\" width=\"211\" height=\"140\" \/><figcaption class=\"wp-caption-text\">Cr\u00e9dit Photos\u00a0Agrochanvre<\/figcaption><\/figure>\n<h2>La ch\u00e8nevotte, c&rsquo;est termin\u00e9<\/h2>\n<p>La ferme de la Cacheterie a produit du chanvre. Le stock de ch\u00e9nevotte est d\u00e9sormais \u00e9puis\u00e9.<\/p>\n<p style=\"text-align: center;\"><a href=\"https:\/\/ferme-cacheterie.com\/cacheterie\/archives-la-chenevotte-paillette-de-chanvre\/\"><strong>Il n&rsquo;y a plus de vente de paillette de chanvre.<\/strong><\/a><\/p>\n","protected":false},"excerpt":{"rendered":"<p>La ch\u00e8nevotte, c&rsquo;est termin\u00e9 La ferme de la Cacheterie a produit du chanvre. Le stock de ch\u00e9nevotte est d\u00e9sormais \u00e9puis\u00e9. Il n&rsquo;y a plus de vente de paillette de chanvre.<\/p>\n","protected":false},"author":1,"featured_media":71,"parent":0,"menu_order":0,"comment_status":"closed","ping_status":"closed","template":"","meta":{"_seopress_robots_primary_cat":""},"_links":{"self":[{"href":"https:\/\/ferme-cacheterie.com\/cacheterie\/wp-json\/wp\/v2\/pages\/11"}],"collection":[{"href":"https:\/\/ferme-cacheterie.com\/cacheterie\/wp-json\/wp\/v2\/pages"}],"about":[{"href":"https:\/\/ferme-cacheterie.com\/cacheterie\/wp-json\/wp\/v2\/types\/page"}],"author":[{"embeddable":true,"href":"https:\/\/ferme-cacheterie.com\/cacheterie\/wp-json\/wp\/v2\/users\/1"}],"replies":[{"embeddable":true,"href":"https:\/\/ferme-cacheterie.com\/cacheterie\/wp-json\/wp\/v2\/comments?post=11"}],"version-history":[{"count":6,"href":"https:\/\/ferme-cacheterie.com\/cacheterie\/wp-json\/wp\/v2\/pages\/11\/revisions"}],"predecessor-version":[{"id":1076,"href":"https:\/\/ferme-cacheterie.com\/cacheterie\/wp-json\/wp\/v2\/pages\/11\/revisions\/1076"}],"wp:featuredmedia":[{"embeddable":true,"href":"https:\/\/ferme-cacheterie.com\/cacheterie\/wp-json\/wp\/v2\/media\/71"}],"wp:attachment":[{"href":"https:\/\/ferme-cacheterie.com\/cacheterie\/wp-json\/wp\/v2\/media?parent=11"}],"curies":[{"name":"wp","href":"https:\/\/api.w.org\/{rel}","templated":true}]}}