{"id":1069,"date":"2021-09-26T21:42:38","date_gmt":"2021-09-26T19:42:38","guid":{"rendered":"https:\/\/ferme-cacheterie.com\/cacheterie\/?page_id=1069"},"modified":"2021-09-26T21:42:40","modified_gmt":"2021-09-26T19:42:40","slug":"archives-la-viande-dagneau","status":"publish","type":"page","link":"https:\/\/ferme-cacheterie.com\/cacheterie\/archives-la-viande-dagneau\/","title":{"rendered":"Archives &#8211; la viande d&rsquo;agneau"},"content":{"rendered":"\n<p>Les moutons vivent au pr\u00e9 en \u00e9t\u00e9 et en bergerie de novembre \u00e0 fin mars. Ils sont nourris avec des c\u00e9r\u00e9ales et des fourrages r\u00e9colt\u00e9s sur la ferme. Leur alimentation est garantie non OGM.<\/p>\n\n\n\n<p><strong>&#8211; La viande d&rsquo;agneau est disponible&nbsp; en 2021 du 1\/04 au 23\/05 chaque semaine ou sur commande en colis ou au d\u00e9tail .<\/strong><\/p>\n\n\n\n<p><strong>Derni\u00e8re saison de vente de viande d&rsquo;agneau avant arr\u00eat d\u00e9finitif.<\/strong><\/p>\n\n\n\n<p>La viande, est pr\u00e9sent\u00e9e sous vide, \u00e9tiquet\u00e9e, pr\u00eate \u00e0 \u00eatre consomm\u00e9e. Tra\u00e7abilit\u00e9 garantie.<\/p>\n\n\n\n<figure class=\"wp-block-table\"><table><tbody><tr><th>&nbsp;<\/th><th><strong>en colis<\/strong><\/th><th>&nbsp;<\/th><th><strong>Prix\/kg<\/strong><\/th><\/tr><tr><td><strong><\/strong><\/td><td><strong>Quart avant<\/strong><\/td><td>environ 5 kg<br>une \u00e9paule, une douzaine de c\u00f4tes, un \u00e9pigramme (poitrine)ou merguez et des abats (foie, coeur, rognons<\/td><td>15.90\u20ac\/kg<\/td><\/tr><tr><td>&nbsp;<\/td><td><\/td><td>&nbsp;<\/td><td>&nbsp;<\/td><\/tr><tr><td><img decoding=\"async\" loading=\"lazy\" src=\"http:\/\/ferme-cacheterie.com\/uploads\/images\/IMG_0203.JPG\" alt=\"\" width=\"150\" height=\"113\"><\/td><td><strong>Demi agneau d\u00e9coup\u00e9&nbsp;<\/strong> &nbsp; <strong>colis 1<\/strong><\/td><td>environ 9kg (1 quart avant + gigot entier et c\u00f4tes filet, abats, merguez )<\/td><td>15.90\u20ac\/kg<\/td><\/tr><tr><td>&nbsp;<\/td><td><strong>Demi agneau d\u00e9coup\u00e9<\/strong> &nbsp; <strong>colis 2<\/strong><\/td><td>environ 9kg<br>(quart avant + gigot d\u00e9taill\u00e9 en tranches, selle, souris,abats, merguez)<\/td><td>15.90\u20ac\/kg<\/td><\/tr><tr><td>&nbsp;<\/td><td><strong>Carcasse enti\u00e8re non d\u00e9coup\u00e9e<\/strong><\/td><td>environ 18kg, pour m\u00e9choui par exemple<\/td><td>&nbsp;11.80\u20ac\/kg<\/td><\/tr><tr><th>&nbsp;<\/th><th><strong>Vente au d\u00e9tail<\/strong><\/th><th>&nbsp;<\/th><th>&nbsp;<\/th><\/tr><tr><td><strong><\/strong><\/td><td><strong>C\u00f4tes premi\u00e8res, secondes ou d\u00e9couvertes<\/strong> &nbsp; <strong>C\u00f4tes filet&nbsp;<\/strong><\/td><td>&nbsp;<\/td><td>23.60 \u20ac\/kg &nbsp; 24.60\u20ac\/kg<\/td><\/tr><tr><td>&nbsp;<\/td><td><strong>Gigot entier ou raccourci<\/strong><\/td><td>\u00e0 pr\u00e9ciser \u00e0 la commande<\/td><td>19.10 \u20ac\/kg<\/td><\/tr><tr><td><strong><\/strong><\/td><td><strong>Tranches de gigot \u00e0 l&rsquo;os<\/strong> &nbsp; <strong>Selle d&rsquo;agneau<\/strong><\/td><td>environ 400\/ 500g<\/td><td>23.00\u20ac\/kg &nbsp; 26.60 \u20ac\/kg<\/td><\/tr><tr><td><strong><\/strong><\/td><td><strong>Souris<\/strong><\/td><td>environ 400 \u00e0 500g<\/td><td>22.60 \u20ac\/kg<\/td><\/tr><tr><td><strong><\/strong><\/td><td><strong>Epaule enti\u00e8re<\/strong> &nbsp; <strong>R\u00f4ti d&rsquo;\u00e9paule&nbsp;<\/strong><\/td><td>&nbsp;<\/td><td>19.10 \u20ac\/kg &nbsp; 23.60\u20ac\/kg<\/td><\/tr><tr><td>&nbsp;<\/td><td>&nbsp;<\/td><td>&nbsp;<\/td><td>&nbsp;<\/td><\/tr><tr><td>&nbsp;<\/td><td>&nbsp;<\/td><td>&nbsp;<\/td><td>&nbsp;<\/td><\/tr><tr><th>&nbsp;<\/th><th><strong>Merguez<\/strong><\/th><th>bas morceaux transform\u00e9s par le centre de d\u00e9coupe<\/th><th>14.70\/kg<\/th><\/tr><tr><td>&nbsp;<\/td><td><strong>Coeur\/ foie<\/strong><\/td><td>&nbsp;<\/td><td>15.60 \u20ac\/kg<\/td><\/tr><tr><td>&nbsp;<\/td><td><strong>Rognons&nbsp;<\/strong><\/td><td>&nbsp;<\/td><td>15.60 \u20ac\/kg<\/td><\/tr><tr><td>&nbsp;<\/td><td><strong>Ris<\/strong><\/td><td>&nbsp;quantit\u00e9 limit\u00e9e<\/td><td>28.00 \u20ac\/kg<\/td><\/tr><\/tbody><\/table><\/figure>\n\n\n\n<p><strong>Tarifs 2021 susceptibles d&rsquo;\u00eatre modifi\u00e9s sans pr\u00e9avis<\/strong><\/p>\n","protected":false},"excerpt":{"rendered":"<p>Les moutons vivent au pr\u00e9 en \u00e9t\u00e9 et en bergerie de novembre \u00e0 fin mars. Ils sont nourris avec des c\u00e9r\u00e9ales et des fourrages r\u00e9colt\u00e9s sur la ferme. Leur alimentation est garantie non OGM. &#8211; La viande d&rsquo;agneau est disponible&nbsp; en 2021 du 1\/04 au 23\/05 chaque semaine ou sur commande en colis ou au [&hellip;]<\/p>\n","protected":false},"author":1,"featured_media":0,"parent":0,"menu_order":0,"comment_status":"closed","ping_status":"closed","template":"","meta":{"_seopress_robots_primary_cat":""},"_links":{"self":[{"href":"https:\/\/ferme-cacheterie.com\/cacheterie\/wp-json\/wp\/v2\/pages\/1069"}],"collection":[{"href":"https:\/\/ferme-cacheterie.com\/cacheterie\/wp-json\/wp\/v2\/pages"}],"about":[{"href":"https:\/\/ferme-cacheterie.com\/cacheterie\/wp-json\/wp\/v2\/types\/page"}],"author":[{"embeddable":true,"href":"https:\/\/ferme-cacheterie.com\/cacheterie\/wp-json\/wp\/v2\/users\/1"}],"replies":[{"embeddable":true,"href":"https:\/\/ferme-cacheterie.com\/cacheterie\/wp-json\/wp\/v2\/comments?post=1069"}],"version-history":[{"count":1,"href":"https:\/\/ferme-cacheterie.com\/cacheterie\/wp-json\/wp\/v2\/pages\/1069\/revisions"}],"predecessor-version":[{"id":1071,"href":"https:\/\/ferme-cacheterie.com\/cacheterie\/wp-json\/wp\/v2\/pages\/1069\/revisions\/1071"}],"wp:attachment":[{"href":"https:\/\/ferme-cacheterie.com\/cacheterie\/wp-json\/wp\/v2\/media?parent=1069"}],"curies":[{"name":"wp","href":"https:\/\/api.w.org\/{rel}","templated":true}]}}